se 14, what is 3 - 44d?
-44a
In base 12, what is 2 - -105?
107
In base 6, what is 5 - 42?
-33
In base 9, what is -4 + 368?
364
In base 8, what is 7 - -33?
42
In base 9, what is -247 - 135?
-383
In base 4, what is -12110 + -31?
-12201
In base 14, what is 3 + 7?
a
In base 4, what is -22313 - -10?
-22303
In base 7, what is 3 + 51?
54
In base 8, what is -107 - 11?
-120
In base 8, what is -22 - -702?
660
In base 16, what is -ad + 2?
-ab
In base 2, what is 11 - 100000101?
-100000010
In base 12, what is -61a - -4?
-616
In base 13, what is 0 - 57?
-57
In base 5, what is 10 - -241?
301
In base 3, what is -12 + -122?
-211
In base 2, what is 10 - -10011110111?
10011111001
In base 5, what is 11 - 44?
-33
In base 6, what is -121 + -25?
-150
In base 6, what is 232 + -5?
223
In base 16, what is -4 - 2?
-6
In base 6, what is -553 + 1?
-552
In base 7, what is -3 - 143?
-146
In base 13, what is -106 + -3?
-109
In base 3, what is 200211 + 0?
200211
In base 9, what is 2 - 750?
-747
In base 6, what is 554 - -4?
1002
In base 11, what is 1 - -18?
19
In base 12, what is 0 - 531b?
-531b
In base 11, what is -191 - -1?
-190
In base 14, what is -c - -13?
5
In base 5, what is 1 - -411?
412
In base 7, what is -33 + -1436?
-1502
In base 5, what is 21 - 0?
21
In base 15, what is 3d - 3?
3a
In base 2, what is 1100 - 0?
1100
In base 2, what is 1000100001101 - 101?
1000100001000
In base 2, what is 100 - 1111000?
-1110100
In base 5, what is -100 - -131?
31
In base 5, what is 22 - -213?
240
In base 15, what is 3 + -4c?
-49
In base 7, what is -2 + -3?
-5
In base 12, what is 129 + 1?
12a
In base 12, what is -55 - -2?
-53
In base 12, what is -139 + 0?
-139
In base 2, what is -1110111 + -1011?
-10000010
In base 11, what is 1 + -14a?
-149
In base 12, what is -31 - -7?
-26
In base 7, what is 2211 - 1?
2210
In base 9, what is -56 - -122?
55
In base 8, what is 106 - -4?
112
In base 12, what is -15 + -67?
-80
In base 15, what is 1d - 109?
-db
In base 11, what is 0 + 145?
145
In base 4, what is 3111301 + -1?
3111300
In base 5, what is 130 - -2?
132
In base 3, what is -10000012 - 0?
-10000012
In base 10, what is -84 - 4?
-88
In base 11, what is 63 + a?
72
In base 3, what is -201 - 11?
-212
In base 6, what is 523 + -134?
345
In base 9, what is -2 - -67?
65
In base 2, what is -1001111011 + 11?
-1001111000
In base 5, what is 110 + 240?
400
In base 8, what is 1 - -441?
442
In base 2, what is 11 + 1010001?
1010100
In base 5, what is -21 - -3?
-13
In base 3, what is 1 + -221?
-220
In base 6, what is -104352 - 4?
-104400
In base 16, what is 31 - 8?
29
In base 6, what is 0 - 55?
-55
In base 8, what is 4 + 32?
36
In base 12, what is 8 + 148?
154
In base 16, what is -16b2 - 2?
-16b4
In base 4, what is 2 + -231?
-223
In base 12, what is 1 + 251?
252
In base 6, what is 11 + -223?
-212
In base 9, what is 5363 - 5?
5357
In base 13, what is 4 - -a3b?
a42
In base 12, what is -12 - -16?
4
In base 2, what is -110101 + -11000001?
-11110110
In base 14, what is -76 + a?
-6a
In base 4, what is -320322 - -10?
-320312
In base 6, what is -12 + -5510?
-5522
In base 6, what is -114032 - 5?
-114041
In base 10, what is 18 - 204?
-186
In base 4, what is -3 + 1200?
1131
In base 3, what is 0 - 12022122?
-12022122
In base 9, what is -56 + 1?
-55
In base 7, what is -23 - 1411?
-1434
In base 9, what is -32 - 5?
-37
In base 10, what is 2571 + -2?
2569
In base 8, what is -353 + -7?
-362
In base 11, what is 5 - -285?
28a
In base 15, what is -21 - -b3?
92
In base 12, what is -a10 - -11?
-9bb
In base 5, what is -4 + 202?
143
In base 15, what is -83 - -17?
-6b
In base 16, what is -6 - -107?
101
In base 16, what is 191 + f?
1a0
In base 16, what is 5 - -254?
259
In base 9, what is 0 + -27?
-27
In base 8, what is 41 + 4?
45
In base 8, what is 52 + 5?
57
In base 14, what is 11 - a9?
-98
In base 12, what is 145 + 10?
155
In base 3, what is -11 + 2122?
2111
In base 2, what is 100 + 11?
111
In base 12, what is 11 + -7?
6
In base 2, what is 1100100 + 11?
1100111
In base 12, what is 1 + 50?
51
In base 9, what is -73 - -373?
300
In base 3, what is -11211 - 110?
-12021
In base 7, what is 1014 - 5?
1006
In base 12, what is 3 + 15a?
161
In base 9, what is -21 - -37?
16
In base 10, what is -3 + -451?
-454
In base 2, what is 101 - -10011001?
10011110
In base 10, what is -12 - -34?
22
In base 7, what is -3361 + -1?
-3362
In base 16, what is 89 + -3?
86
In base 6, what is 0 + -1020?
-1020
In base 15, what is 1 + -1?
0
In base 10, what is 2 - 9?
-7
In base 4, what is 333 + 1330?
2323
In base 8, what is -2233 - 2?
-2235
In base 16, what is 50c + -5?
507
In base 9, what is -802 - -4?
-787
In base 8, what is -3 - -1160?
1155
In base 13, what is -5a7 - 5?
-5ac
In base 8, what is 4 + -556?
-552
In base 12, what is -1a12 + 1?
-1a11
In base 11, what is 4 + 477a?
4783
In base 5, what is 1 - -24213?
24214
In base 10, what is 5 - 2405?
-2400
In base 7, what is 50 - -2261?
2341
In base 2, what is -101 - 1010010?
-1010111
In base 12, what is -1 + -3?
-4
In base 9, what is -7 + -3?
-11
In base 15, what is -5 + 24?
1e
In base 11, what is 0 + 1?
1
In base 7, what is -4216 - -4?
-4212
In base 2, what is -1 - -100011011?
100011010
In base 9, what is -71 + -2?
-73
In base 3, what is 102100 - 2?
102021
In base 9, what is 57 + 1?
58
In base 8, what is 0 - -703?
703
In base 10, what is -29 + 186?
157
In base 14, what is d + -3?
a
In base 8, what is -317 + 2?
-315
In base 16, what is -3 + -93?
-96
In base 16, what is -3 + -4?
-7
In base 13, what is -773 + 0?
-773
In base 13, what is -3 + 1b69?
1b66
In base 3, what is -12 - -22101?
22012
In base 3, what is -1 + 10002?
10001
In base 9, what is 0 - 1746?
-1746
In base 11, what is -4 - -21?
18
In base 4, what is 23 + -113?
-30
In base 16, what is 2b - -21?
4c
In base 16, what is -6 - 56?
-5c
In base 12, what is 9 + -31?
-24
In base 3, what is -1220 + -11021?
-20011
In base 13, what is 2a - 0?
2a
In base 9, what is 1 + 43?
44
In base 12, what is 874 - 0?
874
In base 10, what is 2 + -796?
-794
In base 3, what is -111 - 1012?
-1200
In base 12, what is 211 + -22?
1ab
In base 10, what is -2 - -65?
63
In base 5, what is -1244 + -1?
-1300
In base 2, what is 10011 + -100110?
-10011
In base 7, what is -425 - 16?
-444
In base 8, what is 274 + -4?
270
In base 16, what is -1a - -10?
-a
In base 3, what is 2 + 12000?
12002
In base 2, what is 0 - 1000100?
-1000100
In base 10, what is -114 + 0?
-114
In base 5, what is 1122402 + 3?
1122410
In base 16, what is 1fc + 0?
1fc
In base 3, what is 2002 + -10012?
-1010
In base 9, what is -4 + 138?
134
In base 14, what is 71d + -8?
715
In base 9, what is 5 + 484?
500
In base 8, what is 2 - 252?
-250
In base 7, what is -216 + 1?
-215
In base 8, what is 3 - 303?
-300
In base 4, what is -10 - 202332?
-203002
In base 14, what is 9 - 796?
-78b
In base 10, what is -27 + 19?
-8
In base 12, what is -169 - -8?
-161
In base 3, what is -110 - 11202?
-12012
In base 15, what is -3d6 + 7?
-3ce
In base 15, what is 16 + b?
22
In base 8, what is -1231 - -2?
-1227
In base 10, what is 5 + -2401?
-2396
In base 7, what is -113 - 4?
-120
In base 2, what is 1001011110111 + 1?
1001011111000
In base 3, what is -102 - -201?
22
In base 3, what is -12 + -22?
-111
In base 15, what is 23c - -1?
23d
In base 6, what is 3 - 5333?
-5330
In base 8, what is 6 + -41?
-33
In base 7, what is 2463 + 3?
2466
In base 14, what is -48 + 19?
-2d
In base 12, what is -67b + -5?
-684
In base 11, what is 12 - -19?
30
In base 7, what is 40 - 331?
-261
In base 5, what is -1 - -41201?
41200
In base 12, what is 2 + 4a?
50
In base 15, what is -2 - -2aa?
2a8
In base 14, what is -1 - 35?
-36
In base 7, what is -13 - -2262?
2246
In base 13, what is 8 - -14b?
156
In base 5, what is -12402 + 2?
-12400
In base 6, what is -52121 + 2?
-52115
In base 6, what is 0 + 443?
443
In base 6, what is -1325 - 0?
-1325
In base 16, what is -397 - 4?
-39b
In base 11, what is 0 + 1813?
1813
In base 11, what is -967 + 3?
-964
In base 15, what is 5 - 1c9?
-1c4
In base 14, what is aa4 - 3?
aa1
In base 5, what is 22 + -110?
-33
In base 3, what is -10 + 1110102?
1110022
In base 16, what is -da - -1d?
-bd
In base 8, what is 103 + -6?
75
In base 16, what is 5 - 0?
5
In base 8, what is -4720 + -4?
-4724
In base 13, what is -1cb + 5?
-1c6
In base 9, what is -176 - -20?
-156
In 